{"id":107,"date":"2020-04-11T21:13:28","date_gmt":"2020-04-11T19:13:28","guid":{"rendered":"http:\/\/lousalamon.fr\/?page_id=107"},"modified":"2026-04-27T22:38:48","modified_gmt":"2026-04-27T20:38:48","slug":"fleurs-extraordinaires","status":"publish","type":"page","link":"https:\/\/lousalamon.fr\/?page_id=107","title":{"rendered":"Broderies sur papier"},"content":{"rendered":"\n<figure class=\"wp-block-gallery columns-1 is-cropped\"><ul class=\"blocks-gallery-grid\"><li class=\"blocks-gallery-item\"><figure><img loading=\"lazy\" width=\"713\" height=\"1024\" src=\"https:\/\/lousalamon.fr\/wp-content\/uploads\/2025\/10\/Les-racines-du-desespoir-2022-275-x-38-cm-broderie-a-laiguille-sur-papier-et-aquarelle-photo-avec-laide-de-Kevin-Biya-Ebogo-1-713x1024.jpg\" alt=\"\" data-id=\"1256\" data-full-url=\"https:\/\/lousalamon.fr\/wp-content\/uploads\/2025\/10\/Les-racines-du-desespoir-2022-275-x-38-cm-broderie-a-laiguille-sur-papier-et-aquarelle-photo-avec-laide-de-Kevin-Biya-Ebogo-1-scaled.jpg\" data-link=\"https:\/\/lousalamon.fr\/?attachment_id=1256\" class=\"wp-image-1256\" srcset=\"https:\/\/lousalamon.fr\/wp-content\/uploads\/2025\/10\/Les-racines-du-desespoir-2022-275-x-38-cm-broderie-a-laiguille-sur-papier-et-aquarelle-photo-avec-laide-de-Kevin-Biya-Ebogo-1-713x1024.jpg 713w, https:\/\/lousalamon.fr\/wp-content\/uploads\/2025\/10\/Les-racines-du-desespoir-2022-275-x-38-cm-broderie-a-laiguille-sur-papier-et-aquarelle-photo-avec-laide-de-Kevin-Biya-Ebogo-1-209x300.jpg 209w, https:\/\/lousalamon.fr\/wp-content\/uploads\/2025\/10\/Les-racines-du-desespoir-2022-275-x-38-cm-broderie-a-laiguille-sur-papier-et-aquarelle-photo-avec-laide-de-Kevin-Biya-Ebogo-1-768x1103.jpg 768w, https:\/\/lousalamon.fr\/wp-content\/uploads\/2025\/10\/Les-racines-du-desespoir-2022-275-x-38-cm-broderie-a-laiguille-sur-papier-et-aquarelle-photo-avec-laide-de-Kevin-Biya-Ebogo-1-1070x1536.jpg 1070w, https:\/\/lousalamon.fr\/wp-content\/uploads\/2025\/10\/Les-racines-du-desespoir-2022-275-x-38-cm-broderie-a-laiguille-sur-papier-et-aquarelle-photo-avec-laide-de-Kevin-Biya-Ebogo-1-1426x2048.jpg 1426w, https:\/\/lousalamon.fr\/wp-content\/uploads\/2025\/10\/Les-racines-du-desespoir-2022-275-x-38-cm-broderie-a-laiguille-sur-papier-et-aquarelle-photo-avec-laide-de-Kevin-Biya-Ebogo-1-1568x2252.jpg 1568w, https:\/\/lousalamon.fr\/wp-content\/uploads\/2025\/10\/Les-racines-du-desespoir-2022-275-x-38-cm-broderie-a-laiguille-sur-papier-et-aquarelle-photo-avec-laide-de-Kevin-Biya-Ebogo-1-scaled.jpg 1783w\" sizes=\"(max-width: 713px) 100vw, 713px\" \/><\/figure><\/li><\/ul><\/figure>\n\n\n\n<figure class=\"wp-block-gallery columns-1 is-cropped\"><ul class=\"blocks-gallery-grid\"><li class=\"blocks-gallery-item\"><figure><img loading=\"lazy\" width=\"683\" height=\"1024\" src=\"https:\/\/lousalamon.fr\/wp-content\/uploads\/2025\/12\/racines-encadrement-de-biais-correction-Kevin-1-683x1024.jpg\" alt=\"\" data-id=\"1392\" data-full-url=\"https:\/\/lousalamon.fr\/wp-content\/uploads\/2025\/12\/racines-encadrement-de-biais-correction-Kevin-1-scaled.jpg\" data-link=\"https:\/\/lousalamon.fr\/?attachment_id=1392\" class=\"wp-image-1392\" srcset=\"https:\/\/lousalamon.fr\/wp-content\/uploads\/2025\/12\/racines-encadrement-de-biais-correction-Kevin-1-683x1024.jpg 683w, https:\/\/lousalamon.fr\/wp-content\/uploads\/2025\/12\/racines-encadrement-de-biais-correction-Kevin-1-200x300.jpg 200w, https:\/\/lousalamon.fr\/wp-content\/uploads\/2025\/12\/racines-encadrement-de-biais-correction-Kevin-1-768x1152.jpg 768w, https:\/\/lousalamon.fr\/wp-content\/uploads\/2025\/12\/racines-encadrement-de-biais-correction-Kevin-1-1024x1536.jpg 1024w, https:\/\/lousalamon.fr\/wp-content\/uploads\/2025\/12\/racines-encadrement-de-biais-correction-Kevin-1-1365x2048.jpg 1365w, https:\/\/lousalamon.fr\/wp-content\/uploads\/2025\/12\/racines-encadrement-de-biais-correction-Kevin-1-1568x2352.jpg 1568w, https:\/\/lousalamon.fr\/wp-content\/uploads\/2025\/12\/racines-encadrement-de-biais-correction-Kevin-1-scaled.jpg 1707w\" sizes=\"(max-width: 683px) 100vw, 683px\" \/><\/figure><\/li><\/ul><figcaption class=\"blocks-gallery-caption\"> &#8220;<em>Les racines du d\u00e9s-espoir&#8221; <\/em>(ou<em> &#8220;de l&#8217;espoir&#8221;<\/em>, en fonction du sens dans lequel est dispos\u00e9 le tableau, selon si les racines se d\u00e9ploient vers le haut ou vers le bas), 2022, 27,5 x 38 cm, broderie \u00e0 l&#8217;aiguille sur papier et aquarelle <\/figcaption><\/figure>\n\n\n\n<figure class=\"wp-block-gallery columns-1 is-cropped\"><ul class=\"blocks-gallery-grid\"><li class=\"blocks-gallery-item\"><figure><img loading=\"lazy\" width=\"515\" height=\"1024\" src=\"https:\/\/lousalamon.fr\/wp-content\/uploads\/2026\/02\/racines-details-couleur-details-515x1024.jpg\" alt=\"\" data-id=\"1478\" data-full-url=\"https:\/\/lousalamon.fr\/wp-content\/uploads\/2026\/02\/racines-details-couleur-details-scaled.jpg\" data-link=\"https:\/\/lousalamon.fr\/?attachment_id=1478\" class=\"wp-image-1478\" srcset=\"https:\/\/lousalamon.fr\/wp-content\/uploads\/2026\/02\/racines-details-couleur-details-515x1024.jpg 515w, https:\/\/lousalamon.fr\/wp-content\/uploads\/2026\/02\/racines-details-couleur-details-151x300.jpg 151w, https:\/\/lousalamon.fr\/wp-content\/uploads\/2026\/02\/racines-details-couleur-details-768x1528.jpg 768w, https:\/\/lousalamon.fr\/wp-content\/uploads\/2026\/02\/racines-details-couleur-details-772x1536.jpg 772w, https:\/\/lousalamon.fr\/wp-content\/uploads\/2026\/02\/racines-details-couleur-details-1029x2048.jpg 1029w, https:\/\/lousalamon.fr\/wp-content\/uploads\/2026\/02\/racines-details-couleur-details-1568x3120.jpg 1568w, https:\/\/lousalamon.fr\/wp-content\/uploads\/2026\/02\/racines-details-couleur-details-scaled.jpg 1287w\" sizes=\"(max-width: 515px) 100vw, 515px\" \/><\/figure><\/li><\/ul><figcaption class=\"blocks-gallery-caption\">  &#8220;<em>Les racines du d\u00e9s-espoir&#8221;<\/em> (ou<em> &#8220;de l&#8217;espoir&#8221;<\/em>, en fonction du sens dans lequel est dispos\u00e9 le tableau, selon si les racines se d\u00e9ploient vers le haut ou vers le bas), d\u00e9tails<\/figcaption><\/figure>\n\n\n\n<p>&#8220;Il n&#8217;y a pas d&#8217;amour de vivre sans d\u00e9sespoir de vivre.&#8221; Albert Camus<\/p>\n\n\n\n<figure class=\"wp-block-gallery columns-1 is-cropped\"><ul class=\"blocks-gallery-grid\"><li class=\"blocks-gallery-item\"><figure><img loading=\"lazy\" width=\"727\" height=\"1024\" src=\"https:\/\/lousalamon.fr\/wp-content\/uploads\/2025\/10\/Cheveux-dessin-et-broderie-sur-papier-2024-275-x-38-cm-photo-avec-laide-de-Kevin-Biya-Ebogo-727x1024.jpg\" alt=\"\" data-id=\"1258\" data-full-url=\"https:\/\/lousalamon.fr\/wp-content\/uploads\/2025\/10\/Cheveux-dessin-et-broderie-sur-papier-2024-275-x-38-cm-photo-avec-laide-de-Kevin-Biya-Ebogo-scaled.jpg\" data-link=\"https:\/\/lousalamon.fr\/?attachment_id=1258\" class=\"wp-image-1258\" srcset=\"https:\/\/lousalamon.fr\/wp-content\/uploads\/2025\/10\/Cheveux-dessin-et-broderie-sur-papier-2024-275-x-38-cm-photo-avec-laide-de-Kevin-Biya-Ebogo-727x1024.jpg 727w, https:\/\/lousalamon.fr\/wp-content\/uploads\/2025\/10\/Cheveux-dessin-et-broderie-sur-papier-2024-275-x-38-cm-photo-avec-laide-de-Kevin-Biya-Ebogo-213x300.jpg 213w, https:\/\/lousalamon.fr\/wp-content\/uploads\/2025\/10\/Cheveux-dessin-et-broderie-sur-papier-2024-275-x-38-cm-photo-avec-laide-de-Kevin-Biya-Ebogo-768x1081.jpg 768w, https:\/\/lousalamon.fr\/wp-content\/uploads\/2025\/10\/Cheveux-dessin-et-broderie-sur-papier-2024-275-x-38-cm-photo-avec-laide-de-Kevin-Biya-Ebogo-1091x1536.jpg 1091w, https:\/\/lousalamon.fr\/wp-content\/uploads\/2025\/10\/Cheveux-dessin-et-broderie-sur-papier-2024-275-x-38-cm-photo-avec-laide-de-Kevin-Biya-Ebogo-1455x2048.jpg 1455w, https:\/\/lousalamon.fr\/wp-content\/uploads\/2025\/10\/Cheveux-dessin-et-broderie-sur-papier-2024-275-x-38-cm-photo-avec-laide-de-Kevin-Biya-Ebogo-1568x2208.jpg 1568w, https:\/\/lousalamon.fr\/wp-content\/uploads\/2025\/10\/Cheveux-dessin-et-broderie-sur-papier-2024-275-x-38-cm-photo-avec-laide-de-Kevin-Biya-Ebogo-scaled.jpg 1818w\" sizes=\"(max-width: 727px) 100vw, 727px\" \/><\/figure><\/li><\/ul><\/figure>\n\n\n\n<figure class=\"wp-block-gallery columns-1 is-cropped\"><ul class=\"blocks-gallery-grid\"><li class=\"blocks-gallery-item\"><figure><img loading=\"lazy\" width=\"1024\" height=\"674\" src=\"https:\/\/lousalamon.fr\/wp-content\/uploads\/2026\/02\/details-cheveux-couleurs-1024x674.jpg\" alt=\"\" data-id=\"1480\" data-full-url=\"https:\/\/lousalamon.fr\/wp-content\/uploads\/2026\/02\/details-cheveux-couleurs-scaled.jpg\" data-link=\"https:\/\/lousalamon.fr\/?attachment_id=1480\" class=\"wp-image-1480\" srcset=\"https:\/\/lousalamon.fr\/wp-content\/uploads\/2026\/02\/details-cheveux-couleurs-1024x674.jpg 1024w, https:\/\/lousalamon.fr\/wp-content\/uploads\/2026\/02\/details-cheveux-couleurs-300x198.jpg 300w, https:\/\/lousalamon.fr\/wp-content\/uploads\/2026\/02\/details-cheveux-couleurs-768x506.jpg 768w, https:\/\/lousalamon.fr\/wp-content\/uploads\/2026\/02\/details-cheveux-couleurs-1536x1012.jpg 1536w, https:\/\/lousalamon.fr\/wp-content\/uploads\/2026\/02\/details-cheveux-couleurs-2048x1349.jpg 2048w, https:\/\/lousalamon.fr\/wp-content\/uploads\/2026\/02\/details-cheveux-couleurs-1568x1033.jpg 1568w\" sizes=\"(max-width: 1024px) 100vw, 1024px\" \/><\/figure><\/li><\/ul><figcaption class=\"blocks-gallery-caption\"> <em>Cheveux<\/em>, 27,5 x 38 cm, 2024, d\u00e9tails <\/figcaption><\/figure>\n\n\n\n<p>Au travers de cette oeuvre, je symbolise une chevelure.<\/p>\n\n\n\n<figure class=\"wp-block-gallery columns-1 is-cropped\"><ul class=\"blocks-gallery-grid\"><li class=\"blocks-gallery-item\"><figure><img loading=\"lazy\" width=\"683\" height=\"1024\" src=\"https:\/\/lousalamon.fr\/wp-content\/uploads\/2025\/12\/Ondines-format-entier-version-sombre-correction-Kevin-2-683x1024.jpg\" alt=\"\" data-id=\"1445\" data-full-url=\"https:\/\/lousalamon.fr\/wp-content\/uploads\/2025\/12\/Ondines-format-entier-version-sombre-correction-Kevin-2-scaled.jpg\" data-link=\"https:\/\/lousalamon.fr\/?attachment_id=1445\" class=\"wp-image-1445\" srcset=\"https:\/\/lousalamon.fr\/wp-content\/uploads\/2025\/12\/Ondines-format-entier-version-sombre-correction-Kevin-2-683x1024.jpg 683w, https:\/\/lousalamon.fr\/wp-content\/uploads\/2025\/12\/Ondines-format-entier-version-sombre-correction-Kevin-2-200x300.jpg 200w, https:\/\/lousalamon.fr\/wp-content\/uploads\/2025\/12\/Ondines-format-entier-version-sombre-correction-Kevin-2-768x1152.jpg 768w, https:\/\/lousalamon.fr\/wp-content\/uploads\/2025\/12\/Ondines-format-entier-version-sombre-correction-Kevin-2-1024x1536.jpg 1024w, https:\/\/lousalamon.fr\/wp-content\/uploads\/2025\/12\/Ondines-format-entier-version-sombre-correction-Kevin-2-1365x2048.jpg 1365w, https:\/\/lousalamon.fr\/wp-content\/uploads\/2025\/12\/Ondines-format-entier-version-sombre-correction-Kevin-2-1568x2352.jpg 1568w, https:\/\/lousalamon.fr\/wp-content\/uploads\/2025\/12\/Ondines-format-entier-version-sombre-correction-Kevin-2-scaled.jpg 1707w\" sizes=\"(max-width: 683px) 100vw, 683px\" \/><\/figure><\/li><\/ul><figcaption class=\"blocks-gallery-caption\"><em>Ondines<\/em>, 90 x 90 cm, aquarelle et broderie sur papier<\/figcaption><\/figure>\n\n\n\n<p>&#8220;C&#8217;est en se tenant assez longtemps \u00e0 la surface iris\u00e9e que nous comprendrons le prix de la profondeur.&#8221; L&#8217;eau et les R\u00eaves, Gaston Bachelard, 1942<\/p>\n\n\n\n<figure class=\"wp-block-gallery columns-1 is-cropped\"><ul class=\"blocks-gallery-grid\"><li class=\"blocks-gallery-item\"><figure><img loading=\"lazy\" width=\"683\" height=\"1024\" src=\"https:\/\/lousalamon.fr\/wp-content\/uploads\/2025\/12\/broderie-sur-ondines-correction-Kevin-2-683x1024.jpg\" alt=\"\" data-id=\"1447\" data-full-url=\"https:\/\/lousalamon.fr\/wp-content\/uploads\/2025\/12\/broderie-sur-ondines-correction-Kevin-2-scaled.jpg\" data-link=\"https:\/\/lousalamon.fr\/?attachment_id=1447\" class=\"wp-image-1447\" srcset=\"https:\/\/lousalamon.fr\/wp-content\/uploads\/2025\/12\/broderie-sur-ondines-correction-Kevin-2-683x1024.jpg 683w, https:\/\/lousalamon.fr\/wp-content\/uploads\/2025\/12\/broderie-sur-ondines-correction-Kevin-2-200x300.jpg 200w, https:\/\/lousalamon.fr\/wp-content\/uploads\/2025\/12\/broderie-sur-ondines-correction-Kevin-2-768x1152.jpg 768w, https:\/\/lousalamon.fr\/wp-content\/uploads\/2025\/12\/broderie-sur-ondines-correction-Kevin-2-1024x1536.jpg 1024w, https:\/\/lousalamon.fr\/wp-content\/uploads\/2025\/12\/broderie-sur-ondines-correction-Kevin-2-1365x2048.jpg 1365w, https:\/\/lousalamon.fr\/wp-content\/uploads\/2025\/12\/broderie-sur-ondines-correction-Kevin-2-1568x2352.jpg 1568w, https:\/\/lousalamon.fr\/wp-content\/uploads\/2025\/12\/broderie-sur-ondines-correction-Kevin-2-scaled.jpg 1707w\" sizes=\"(max-width: 683px) 100vw, 683px\" \/><\/figure><\/li><\/ul><\/figure>\n\n\n\n<figure class=\"wp-block-gallery columns-1 is-cropped\"><ul class=\"blocks-gallery-grid\"><li class=\"blocks-gallery-item\"><figure><img loading=\"lazy\" width=\"697\" height=\"1024\" src=\"https:\/\/lousalamon.fr\/wp-content\/uploads\/2026\/02\/ondines-details-couleurs-et-lumiere-697x1024.jpg\" alt=\"\" data-id=\"1482\" data-full-url=\"https:\/\/lousalamon.fr\/wp-content\/uploads\/2026\/02\/ondines-details-couleurs-et-lumiere-scaled.jpg\" data-link=\"https:\/\/lousalamon.fr\/?attachment_id=1482\" class=\"wp-image-1482\" srcset=\"https:\/\/lousalamon.fr\/wp-content\/uploads\/2026\/02\/ondines-details-couleurs-et-lumiere-697x1024.jpg 697w, https:\/\/lousalamon.fr\/wp-content\/uploads\/2026\/02\/ondines-details-couleurs-et-lumiere-204x300.jpg 204w, https:\/\/lousalamon.fr\/wp-content\/uploads\/2026\/02\/ondines-details-couleurs-et-lumiere-768x1129.jpg 768w, https:\/\/lousalamon.fr\/wp-content\/uploads\/2026\/02\/ondines-details-couleurs-et-lumiere-1045x1536.jpg 1045w, https:\/\/lousalamon.fr\/wp-content\/uploads\/2026\/02\/ondines-details-couleurs-et-lumiere-1393x2048.jpg 1393w, https:\/\/lousalamon.fr\/wp-content\/uploads\/2026\/02\/ondines-details-couleurs-et-lumiere-1568x2305.jpg 1568w, https:\/\/lousalamon.fr\/wp-content\/uploads\/2026\/02\/ondines-details-couleurs-et-lumiere-scaled.jpg 1741w\" sizes=\"(max-width: 697px) 100vw, 697px\" \/><\/figure><\/li><\/ul><figcaption class=\"blocks-gallery-caption\"> <em>Ondines<\/em>, 90 x 90 cm, aquarelle et broderie sur papier, d\u00e9tails <\/figcaption><\/figure>\n\n\n\n<figure class=\"wp-block-gallery columns-1 is-cropped\"><ul class=\"blocks-gallery-grid\"><li class=\"blocks-gallery-item\"><figure><img loading=\"lazy\" width=\"683\" height=\"1024\" src=\"https:\/\/lousalamon.fr\/wp-content\/uploads\/2026\/02\/neurones-avec-broderie-rayon-de-lumiere-683x1024.jpg\" alt=\"\" data-id=\"1485\" data-full-url=\"https:\/\/lousalamon.fr\/wp-content\/uploads\/2026\/02\/neurones-avec-broderie-rayon-de-lumiere-scaled.jpg\" data-link=\"https:\/\/lousalamon.fr\/?attachment_id=1485\" class=\"wp-image-1485\" srcset=\"https:\/\/lousalamon.fr\/wp-content\/uploads\/2026\/02\/neurones-avec-broderie-rayon-de-lumiere-683x1024.jpg 683w, https:\/\/lousalamon.fr\/wp-content\/uploads\/2026\/02\/neurones-avec-broderie-rayon-de-lumiere-200x300.jpg 200w, https:\/\/lousalamon.fr\/wp-content\/uploads\/2026\/02\/neurones-avec-broderie-rayon-de-lumiere-768x1152.jpg 768w, https:\/\/lousalamon.fr\/wp-content\/uploads\/2026\/02\/neurones-avec-broderie-rayon-de-lumiere-1024x1536.jpg 1024w, https:\/\/lousalamon.fr\/wp-content\/uploads\/2026\/02\/neurones-avec-broderie-rayon-de-lumiere-1365x2048.jpg 1365w, https:\/\/lousalamon.fr\/wp-content\/uploads\/2026\/02\/neurones-avec-broderie-rayon-de-lumiere-1568x2352.jpg 1568w, https:\/\/lousalamon.fr\/wp-content\/uploads\/2026\/02\/neurones-avec-broderie-rayon-de-lumiere-scaled.jpg 1707w\" sizes=\"(max-width: 683px) 100vw, 683px\" \/><\/figure><\/li><\/ul><figcaption class=\"blocks-gallery-caption\"><em>Naissances<\/em>, 27,5 x 38 cm, 2025, feutre fin et broderie sur papier, d\u00e9tails<\/figcaption><\/figure>\n\n\n\n<figure class=\"wp-block-gallery columns-1 is-cropped\"><ul class=\"blocks-gallery-grid\"><li class=\"blocks-gallery-item\"><figure><img loading=\"lazy\" width=\"683\" height=\"1024\" src=\"https:\/\/lousalamon.fr\/wp-content\/uploads\/2026\/02\/circulation-details-ambiance-passage-du-soleil-683x1024.jpg\" alt=\"\" data-id=\"1483\" data-full-url=\"https:\/\/lousalamon.fr\/wp-content\/uploads\/2026\/02\/circulation-details-ambiance-passage-du-soleil-scaled.jpg\" data-link=\"https:\/\/lousalamon.fr\/?attachment_id=1483\" class=\"wp-image-1483\" srcset=\"https:\/\/lousalamon.fr\/wp-content\/uploads\/2026\/02\/circulation-details-ambiance-passage-du-soleil-683x1024.jpg 683w, https:\/\/lousalamon.fr\/wp-content\/uploads\/2026\/02\/circulation-details-ambiance-passage-du-soleil-200x300.jpg 200w, https:\/\/lousalamon.fr\/wp-content\/uploads\/2026\/02\/circulation-details-ambiance-passage-du-soleil-768x1152.jpg 768w, https:\/\/lousalamon.fr\/wp-content\/uploads\/2026\/02\/circulation-details-ambiance-passage-du-soleil-1024x1536.jpg 1024w, https:\/\/lousalamon.fr\/wp-content\/uploads\/2026\/02\/circulation-details-ambiance-passage-du-soleil-1365x2048.jpg 1365w, https:\/\/lousalamon.fr\/wp-content\/uploads\/2026\/02\/circulation-details-ambiance-passage-du-soleil-1568x2352.jpg 1568w, https:\/\/lousalamon.fr\/wp-content\/uploads\/2026\/02\/circulation-details-ambiance-passage-du-soleil-scaled.jpg 1707w\" sizes=\"(max-width: 683px) 100vw, 683px\" \/><\/figure><\/li><\/ul><figcaption class=\"blocks-gallery-caption\"> <em>Circulation abstraite de la m\u00e9lancolie<\/em>, 27,5 x 38 cm, 2025, aquarelle et broderie \u00e0 l&#8217;aiguille <\/figcaption><\/figure>\n\n\n\n<p>La notion de traumatisme est ici repr\u00e9sent\u00e9e \u00e0 la mani\u00e8re d&#8217;un r\u00e9seau<br>vasculaire.<\/p>\n\n\n\n<figure class=\"wp-block-gallery columns-1 is-cropped\"><ul class=\"blocks-gallery-grid\"><li class=\"blocks-gallery-item\"><figure><img loading=\"lazy\" width=\"683\" height=\"1024\" src=\"https:\/\/lousalamon.fr\/wp-content\/uploads\/2025\/12\/circulation-details-correction-Kevin-2-683x1024.jpg\" alt=\"\" data-id=\"1435\" data-full-url=\"https:\/\/lousalamon.fr\/wp-content\/uploads\/2025\/12\/circulation-details-correction-Kevin-2-scaled.jpg\" data-link=\"https:\/\/lousalamon.fr\/?attachment_id=1435\" class=\"wp-image-1435\" srcset=\"https:\/\/lousalamon.fr\/wp-content\/uploads\/2025\/12\/circulation-details-correction-Kevin-2-683x1024.jpg 683w, https:\/\/lousalamon.fr\/wp-content\/uploads\/2025\/12\/circulation-details-correction-Kevin-2-200x300.jpg 200w, https:\/\/lousalamon.fr\/wp-content\/uploads\/2025\/12\/circulation-details-correction-Kevin-2-768x1152.jpg 768w, https:\/\/lousalamon.fr\/wp-content\/uploads\/2025\/12\/circulation-details-correction-Kevin-2-1024x1536.jpg 1024w, https:\/\/lousalamon.fr\/wp-content\/uploads\/2025\/12\/circulation-details-correction-Kevin-2-1365x2048.jpg 1365w, https:\/\/lousalamon.fr\/wp-content\/uploads\/2025\/12\/circulation-details-correction-Kevin-2-1568x2352.jpg 1568w, https:\/\/lousalamon.fr\/wp-content\/uploads\/2025\/12\/circulation-details-correction-Kevin-2-scaled.jpg 1707w\" sizes=\"(max-width: 683px) 100vw, 683px\" \/><\/figure><\/li><\/ul><figcaption class=\"blocks-gallery-caption\"><em>Circulation abstraite de la m\u00e9lancolie<\/em>, 27,5 x 38 cm, 2025, aquarelle et broderie \u00e0 l&#8217;aiguille, d\u00e9tails<\/figcaption><\/figure>\n","protected":false},"excerpt":{"rendered":"<p>&#8220;Il n&#8217;y a pas d&#8217;amour de vivre sans d\u00e9sespoir de vivre.&#8221; Albert Camus Au travers de cette oeuvre, je symbolise une chevelure. &#8220;C&#8217;est en se tenant assez longtemps \u00e0 la surface iris\u00e9e que nous comprendrons le prix de la profondeur.&#8221; L&#8217;eau et les R\u00eaves, Gaston Bachelard, 1942 La notion de traumatisme est ici repr\u00e9sent\u00e9e \u00e0 [&hellip;]<\/p>\n","protected":false},"author":1,"featured_media":0,"parent":0,"menu_order":0,"comment_status":"closed","ping_status":"closed","template":"","meta":[],"_links":{"self":[{"href":"https:\/\/lousalamon.fr\/index.php?rest_route=\/wp\/v2\/pages\/107"}],"collection":[{"href":"https:\/\/lousalamon.fr\/index.php?rest_route=\/wp\/v2\/pages"}],"about":[{"href":"https:\/\/lousalamon.fr\/index.php?rest_route=\/wp\/v2\/types\/page"}],"author":[{"embeddable":true,"href":"https:\/\/lousalamon.fr\/index.php?rest_route=\/wp\/v2\/users\/1"}],"replies":[{"embeddable":true,"href":"https:\/\/lousalamon.fr\/index.php?rest_route=%2Fwp%2Fv2%2Fcomments&post=107"}],"version-history":[{"count":36,"href":"https:\/\/lousalamon.fr\/index.php?rest_route=\/wp\/v2\/pages\/107\/revisions"}],"predecessor-version":[{"id":1597,"href":"https:\/\/lousalamon.fr\/index.php?rest_route=\/wp\/v2\/pages\/107\/revisions\/1597"}],"wp:attachment":[{"href":"https:\/\/lousalamon.fr\/index.php?rest_route=%2Fwp%2Fv2%2Fmedia&parent=107"}],"curies":[{"name":"wp","href":"https:\/\/api.w.org\/{rel}","templated":true}]}}